{"id":2912,"date":"2025-11-23T11:39:00","date_gmt":"2025-11-23T10:39:00","guid":{"rendered":"https:\/\/christellefelixformation.com\/?post_type=product&#038;p=2912"},"modified":"2026-03-07T20:45:52","modified_gmt":"2026-03-07T19:45:52","slug":"pack-gestion-locative","status":"publish","type":"product","link":"https:\/\/christellefelixformation.com\/index.php\/produit\/pack-gestion-locative\/","title":{"rendered":"Pack Gestion Locative"},"content":{"rendered":"<div>\n<div class=\"\">Vous souhaitez optimiser la gestion de vos locations tout en \u00e9conomisant les frais d\u2019agence ?<\/div>\n<div class=\"\"><\/div>\n<div class=\"\">Gr\u00e2ce \u00e0 notre pack de gestion locative, fruit de plus de 10 ans de gestion locative, vous b\u00e9n\u00e9ficiez d\u2019une solution compl\u00e8te et cl\u00e9 en main :<\/div>\n<div class=\"\">\u2022 Tous les documents sont modifiables et r\u00e9utilisable \u00e0 l\u2019infini,<\/div>\n<div class=\"\">\u2022 Des outils pratiques pour g\u00e9rer vos locations au quotidien comportant des annotations pour les\u00a0remplir correctement.<\/div>\n<div class=\"\"><\/div>\n<div class=\"\">Tout est pens\u00e9 pour vous faire gagner du temps, de l\u2019argent et vous permettre de g\u00e9rer vos biens avec s\u00e9r\u00e9nit\u00e9.<\/div>\n<\/div>\n<div><\/div>\n<div><\/div>\n<div><\/div>\n<div class=\"\">Notre Pack Gestion Locative en \u00a0\u00bb VERSION NUM\u00c9RIQUE \u00a0\u00bb contient les \u00e9l\u00e9ments suivant ( \u00e0 jour Mars 2026):<\/div>\n<div>&#8211; Bail location meubl\u00e9e (\u00e0 jour f\u00e9vrier 2026)<\/div>\n<div class=\"\">\n<div class=\"\">&#8211; Bail commun de colocation (\u00e0 jour f\u00e9vrier 2026)<\/div>\n<div>&#8211; Bail individuel de colocation (\u00e0 jour f\u00e9vrier 2026)<\/div>\n<div>&#8211; Bail meubl\u00e9 \u00e9tudiant de 9 mois (\u00e0 jour f\u00e9vrier 2026)<\/div>\n<div class=\"\">&#8211; Bail de location Nue ( \u00e0 jour f\u00e9vrier 2026)<\/div>\n<div class=\"\">&#8211; Bail de location Nue ( \u00e0 jour f\u00e9vrier 2026))<br class=\"\" \/>&#8211; Etats des lieux Studio, T2, T3 et \u00a0T4 et colocation (bail commun)<\/div>\n<div class=\"\">&#8211; Etats des lieux Chambre en colocation (bail individuel)<br class=\"\" \/>&#8211; Actes de caution solidaire \u00e0 jour de 2024 (dur\u00e9e ind\u00e9termin\u00e9e et d\u00e9termin\u00e9e)<br class=\"\" \/>&#8211; Email d\u2019Etat de lieux d\u2019entr\u00e9e avec les documents \u00e0 apporter et autres informations tel que le parrainage Direct Energie<br class=\"\" \/>&#8211; Email d&rsquo;Etat de lieux de sortie avec la check list m\u00e9nage<br class=\"\" \/>&#8211; Ex de r\u00e8glement int\u00e9rieur d&rsquo;immeuble de rapport en monopropri\u00e9t\u00e9<br class=\"\" \/>&#8211; Ex d\u2019annonce de mise \u00e0 la location (Studio et T2)<br class=\"\" \/>&#8211; Quittance de loyer vierge<br class=\"\" \/>&#8211; Attestation de rachat occasion par le vendeur ( si vous rachetez un mat\u00e9riel d&rsquo;occasion)<\/div>\n<div class=\"\">&#8211; Listing des documents demand\u00e9s au candidat locataire,<\/div>\n<div>&#8211; Exemple de question \u00e0 poser aux candidats avant de proposer une visite,<\/div>\n<div class=\"\">&#8211; Exemple de r\u00e9ponses de refus de visit\u00e9 \u00e0 donner aux candidats locataire ,<\/div>\n<div class=\"\">&#8211; Exemple de r\u00e9ponses positives ou n\u00e9gatives apr\u00e8s une visite,<\/div>\n<div class=\"\">&#8211; Tutoriel pour la d\u00e9claration d&rsquo;un bien sur \u00ab\u00a0Imp\u00f4ts.gouv.fr\u00a0\u00bb<\/div>\n<div class=\"\">&#8211; Entretiens et r\u00e9parations locatives,<\/div>\n<div class=\"\">&#8211; Liste du mobilier obligatoire location meubl\u00e9e, Loi ALUR, fix\u00e9 par d\u00e9cret&#8230;<\/div>\n<div>&#8211; Liste des sources d&rsquo;information et veille juridique (livres, revues et sites utiles)<\/div>\n<div>&#8211; Exemple de messages envoy\u00e9s aux locataires concernant la gestion des poubelles<\/div>\n<div>&#8211; Acc\u00e8s \u00e0 9 vid\u00e9os expliquant ma gestion locative<\/div>\n<div>&#8211; Mod\u00e8les de courrier type (demande attestation d&rsquo;assurance, demande de r\u00e9gularisation des charges, Mise en demeure adress\u00e9e \u00e0 la caution, Mise en demeure adress\u00e9e au locataire pour des loyers impay\u00e9s, Notification d&rsquo;indexation du loyer, Restitution partielle du d\u00e9p\u00f4t de garantie)<\/div>\n<div>&#8211; Fiche Pratique &#8211; Proc\u00e9dure d\u00e9part du locataire<\/div>\n<\/div>\n<div class=\"\"><\/div>\n<div><\/div>\n<div><\/div>\n<div><\/div>\n<div class=\"\">\n<div class=\"\"><\/div>\n<\/div>\n","protected":false},"excerpt":{"rendered":"<p>Vous souhaitez optimiser la gestion de vos locations tout en \u00e9conomisant les frais d\u2019agence ? Gr\u00e2ce \u00e0 notre pack de gestion locative, fruit de plus de 10 ans de gestion locative, vous b\u00e9n\u00e9ficiez d\u2019une solution compl\u00e8te et cl\u00e9 en main : \u2022 Tous les documents sont modifiables et r\u00e9utilisable \u00e0 l\u2019infini, \u2022 Des outils pratiques pour g\u00e9rer vos locations au quotidien comportant des annotations pour les\u00a0remplir correctement. Tout est pens\u00e9 pour vous faire gagner du temps, de l\u2019argent et vous permettre de g\u00e9rer vos biens avec s\u00e9r\u00e9nit\u00e9. Notre Pack Gestion Locative en \u00a0\u00bb VERSION NUM\u00c9RIQUE \u00a0\u00bb contient les \u00e9l\u00e9ments suivant ( \u00e0 jour Mars 2026): &#8211; Bail location meubl\u00e9e (\u00e0 jour f\u00e9vrier 2026) &#8211; Bail commun de colocation (\u00e0 jour f\u00e9vrier 2026) &#8211; Bail individuel de colocation (\u00e0 jour f\u00e9vrier 2026) &#8211; Bail meubl\u00e9 \u00e9tudiant de 9 mois (\u00e0 jour f\u00e9vrier 2026) &#8211; Bail de location Nue ( \u00e0 jour f\u00e9vrier 2026) &#8211; Bail de location Nue ( \u00e0 jour f\u00e9vrier 2026))&#8211; Etats des lieux Studio, T2, T3 et \u00a0T4 et colocation (bail commun) &#8211; Etats des lieux Chambre en colocation (bail individuel)&#8211; Actes de caution solidaire \u00e0 jour de 2024 (dur\u00e9e ind\u00e9termin\u00e9e et d\u00e9termin\u00e9e)&#8211; Email d\u2019Etat de lieux d\u2019entr\u00e9e avec les documents \u00e0 apporter et autres informations tel que le parrainage Direct Energie&#8211; Email d&rsquo;Etat de lieux de sortie avec la check list m\u00e9nage&#8211; Ex de r\u00e8glement int\u00e9rieur d&rsquo;immeuble de rapport en monopropri\u00e9t\u00e9&#8211; Ex d\u2019annonce de mise \u00e0 la location (Studio et T2)&#8211; Quittance de loyer vierge&#8211; Attestation de rachat occasion par le vendeur ( si vous rachetez un mat\u00e9riel d&rsquo;occasion) &#8211; Listing des documents demand\u00e9s au candidat locataire, &#8211; Exemple de question \u00e0 poser aux candidats avant de proposer une visite, &#8211; Exemple de r\u00e9ponses de refus de visit\u00e9 \u00e0 donner aux candidats locataire , &#8211; Exemple de r\u00e9ponses positives ou n\u00e9gatives apr\u00e8s une visite, &#8211; Tutoriel pour la d\u00e9claration d&rsquo;un bien sur \u00ab\u00a0Imp\u00f4ts.gouv.fr\u00a0\u00bb &#8211; Entretiens et r\u00e9parations locatives, &#8211; Liste du mobilier obligatoire location meubl\u00e9e, Loi ALUR, fix\u00e9 par d\u00e9cret&#8230; &#8211; Liste des sources d&rsquo;information et veille juridique (livres, revues et sites utiles) &#8211; Exemple de messages envoy\u00e9s aux locataires concernant la gestion des poubelles &#8211; Acc\u00e8s \u00e0 9 vid\u00e9os expliquant ma gestion locative &#8211; Mod\u00e8les de courrier type (demande attestation d&rsquo;assurance, demande de r\u00e9gularisation des charges, Mise en demeure adress\u00e9e \u00e0 la caution, Mise en demeure adress\u00e9e au locataire pour des loyers impay\u00e9s, Notification d&rsquo;indexation du loyer, Restitution partielle du d\u00e9p\u00f4t de garantie) &#8211; Fiche Pratique &#8211; Proc\u00e9dure d\u00e9part du locataire<\/p>\n","protected":false},"featured_media":4797,"template":"template-page-builder.php","meta":{"_eb_attr":"","ocean_post_layout":"","ocean_both_sidebars_style":"","ocean_both_sidebars_content_width":0,"ocean_both_sidebars_sidebars_width":0,"ocean_sidebar":"woo_sidebar","ocean_second_sidebar":"0","ocean_disable_margins":"on","ocean_add_body_class":"","ocean_shortcode_before_top_bar":"","ocean_shortcode_after_top_bar":"","ocean_shortcode_before_header":"","ocean_shortcode_after_header":"","ocean_has_shortcode":"","ocean_shortcode_after_title":"","ocean_shortcode_before_footer_widgets":"","ocean_shortcode_after_footer_widgets":"","ocean_shortcode_before_footer_bottom":"","ocean_shortcode_after_footer_bottom":"","ocean_display_top_bar":"default","ocean_display_header":"default","ocean_header_style":"","ocean_center_header_left_menu":"0","ocean_custom_header_template":"0","ocean_custom_logo":0,"ocean_custom_retina_logo":0,"ocean_custom_logo_max_width":0,"ocean_custom_logo_tablet_max_width":0,"ocean_custom_logo_mobile_max_width":0,"ocean_custom_logo_max_height":0,"ocean_custom_logo_tablet_max_height":0,"ocean_custom_logo_mobile_max_height":0,"ocean_header_custom_menu":"0","ocean_menu_typo_font_family":"0","ocean_menu_typo_font_subset":"","ocean_menu_typo_font_size":0,"ocean_menu_typo_font_size_tablet":0,"ocean_menu_typo_font_size_mobile":0,"ocean_menu_typo_font_size_unit":"px","ocean_menu_typo_font_weight":"","ocean_menu_typo_font_weight_tablet":"","ocean_menu_typo_font_weight_mobile":"","ocean_menu_typo_transform":"","ocean_menu_typo_transform_tablet":"","ocean_menu_typo_transform_mobile":"","ocean_menu_typo_line_height":0,"ocean_menu_typo_line_height_tablet":0,"ocean_menu_typo_line_height_mobile":0,"ocean_menu_typo_line_height_unit":"","ocean_menu_typo_spacing":0,"ocean_menu_typo_spacing_tablet":0,"ocean_menu_typo_spacing_mobile":0,"ocean_menu_typo_spacing_unit":"","ocean_menu_link_color":"","ocean_menu_link_color_hover":"","ocean_menu_link_color_active":"","ocean_menu_link_background":"","ocean_menu_link_hover_background":"","ocean_menu_link_active_background":"","ocean_menu_social_links_bg":"","ocean_menu_social_hover_links_bg":"","ocean_menu_social_links_color":"","ocean_menu_social_hover_links_color":"","ocean_disable_title":"default","ocean_disable_heading":"default","ocean_post_title":"","ocean_post_subheading":"","ocean_post_title_style":"","ocean_post_title_background_color":"","ocean_post_title_background":0,"ocean_post_title_bg_image_position":"","ocean_post_title_bg_image_attachment":"","ocean_post_title_bg_image_repeat":"","ocean_post_title_bg_image_size":"","ocean_post_title_height":0,"ocean_post_title_bg_overlay":0.5,"ocean_post_title_bg_overlay_color":"","ocean_disable_breadcrumbs":"default","ocean_breadcrumbs_color":"","ocean_breadcrumbs_separator_color":"","ocean_breadcrumbs_links_color":"","ocean_breadcrumbs_links_hover_color":"","ocean_display_footer_widgets":"off","ocean_display_footer_bottom":"off","ocean_custom_footer_template":"0"},"product_brand":[],"product_cat":[27],"product_tag":[],"class_list":{"0":"post-2912","1":"product","2":"type-product","3":"status-publish","4":"has-post-thumbnail","6":"product_cat-non-classe","8":"entry","9":"has-media","11":"first","12":"instock","13":"downloadable","14":"virtual","15":"purchasable","16":"product-type-simple","17":"col","18":"span_1_of_3","19":"owp-content-center","20":"owp-thumbs-layout-horizontal","21":"owp-btn-big","22":"owp-tabs-layout-horizontal","23":"has-no-thumbnails"},"jetpack_sharing_enabled":true,"_links":{"self":[{"href":"https:\/\/christellefelixformation.com\/index.php\/wp-json\/wp\/v2\/product\/2912","targetHints":{"allow":["GET"]}}],"collection":[{"href":"https:\/\/christellefelixformation.com\/index.php\/wp-json\/wp\/v2\/product"}],"about":[{"href":"https:\/\/christellefelixformation.com\/index.php\/wp-json\/wp\/v2\/types\/product"}],"wp:featuredmedia":[{"embeddable":true,"href":"https:\/\/christellefelixformation.com\/index.php\/wp-json\/wp\/v2\/media\/4797"}],"wp:attachment":[{"href":"https:\/\/christellefelixformation.com\/index.php\/wp-json\/wp\/v2\/media?parent=2912"}],"wp:term":[{"taxonomy":"product_brand","embeddable":true,"href":"https:\/\/christellefelixformation.com\/index.php\/wp-json\/wp\/v2\/product_brand?post=2912"},{"taxonomy":"product_cat","embeddable":true,"href":"https:\/\/christellefelixformation.com\/index.php\/wp-json\/wp\/v2\/product_cat?post=2912"},{"taxonomy":"product_tag","embeddable":true,"href":"https:\/\/christellefelixformation.com\/index.php\/wp-json\/wp\/v2\/product_tag?post=2912"}],"curies":[{"name":"wp","href":"https:\/\/api.w.org\/{rel}","templated":true}]}}